{"id":2,"date":"2009-09-08T10:35:17","date_gmt":"2009-09-08T09:35:17","guid":{"rendered":"http:\/\/po-varmland.se.bart.kontrollpanelen.se\/wordpress\/?page_id=2"},"modified":"2022-01-05T11:49:23","modified_gmt":"2022-01-05T10:49:23","slug":"om","status":"publish","type":"page","link":"https:\/\/povarmland.se\/wordpress\/om\/","title":{"rendered":"Mer om Personligt Ombud"},"content":{"rendered":"\n<figure class=\"wp-block-image size-large is-resized\"><img decoding=\"async\" loading=\"lazy\" src=\"http:\/\/povarmland.se\/wordpress\/wp-content\/uploads\/2021\/11\/Upprord_Ledsen_Man_Licensfribild_Pixabay.com_-630x105.jpg\" alt=\"\" class=\"wp-image-2454\" width=\"767\" height=\"128\" srcset=\"https:\/\/povarmland.se\/wordpress\/wp-content\/uploads\/2021\/11\/Upprord_Ledsen_Man_Licensfribild_Pixabay.com_-630x105.jpg 630w, https:\/\/povarmland.se\/wordpress\/wp-content\/uploads\/2021\/11\/Upprord_Ledsen_Man_Licensfribild_Pixabay.com_-300x50.jpg 300w, https:\/\/povarmland.se\/wordpress\/wp-content\/uploads\/2021\/11\/Upprord_Ledsen_Man_Licensfribild_Pixabay.com_-200x33.jpg 200w, https:\/\/povarmland.se\/wordpress\/wp-content\/uploads\/2021\/11\/Upprord_Ledsen_Man_Licensfribild_Pixabay.com_-768x128.jpg 768w, https:\/\/povarmland.se\/wordpress\/wp-content\/uploads\/2021\/11\/Upprord_Ledsen_Man_Licensfribild_Pixabay.com_.jpg 980w\" sizes=\"(max-width: 767px) 100vw, 767px\" \/><\/figure>\n\n\n\n<h2 class=\"wp-block-heading\">Mer om Personligt Ombud<\/h2>\n\n\n\n<p>Personligt ombud \u00e4r ett st\u00f6d till hj\u00e4lp f\u00f6r dig som \u00e4r \u00f6ver 18 \u00e5r och har en psykisk funktionsneds\u00e4ttning som \u00e4r omfattande och l\u00e5ngvarig.<\/p>\n\n\n\n<p>Personligt ombud riktar sig till dig som har sv\u00e5rt att f\u00e5 vardagen att fungera. Verksamheten arbetar frist\u00e5ende fr\u00e5n myndigheter.<\/p>\n\n\n\n<h4 class=\"wp-block-heading\" id=\"h-Vadgorettpersonligtombud\">Vad g\u00f6r ett personligt ombud?<\/h4>\n\n\n\n<p>Tillsammans med dig:<\/p>\n\n\n\n<p>&#8211; identifierar och formulerar vi vilka behov du har<br \/>&#8211; tar vi reda p\u00e5 hur samh\u00e4llets st\u00f6d och hj\u00e4lp fungerar<br \/>&#8211; s\u00f6ker vi det st\u00f6d du \u00f6nskar och har behov av<br \/><br \/>Du kan f\u00e5 st\u00f6d i exempelvis v\u00e5rdkontakter eller i kontakten med F\u00f6rs\u00e4kringskassan, Kronofogdemyndigheten, Arbetsf\u00f6rmedlingen och socialtj\u00e4nsten. Du kan \u00e4ven f\u00e5 st\u00f6d om du vill \u00f6verklaga ett beslut.<\/p>\n\n\n\n<h4 class=\"wp-block-heading\" id=\"h-Vemkanfaettpersonligtombud\">Vem kan f\u00e5 ett personligt ombud?<\/h4>\n\n\n\n<p>Det personliga ombudet \u00e4r en hj\u00e4lp till hj\u00e4lpen. Du kan f\u00e5 ett personligt ombud om du beh\u00f6ver mer hj\u00e4lp \u00e4n du har i dag. Eller om du har den hj\u00e4lp du beh\u00f6ver, men inte \u00e4r n\u00f6jd med hur hj\u00e4lpen ser ut eller fungerar. Ingen diagnos eller remiss beh\u00f6vs f\u00f6r att f\u00e5 personligt ombud och vi tr\u00e4ffas d\u00e4r du vill.<\/p>\n\n\n\n<h4 class=\"wp-block-heading\" id=\"h-Varabedomningsgrunder\">V\u00e5ra bed\u00f6mningsgrunder:<\/h4>\n\n\n\n<ul><li>Tillh\u00f6r du m\u00e5lgruppen?<\/li><li>Vad finns det f\u00f6r n\u00e4tverk och insatser runt dig?<\/li><li>Har du ett uppdrag som \u00e4r realistiskt och genomf\u00f6rbart?<\/li><\/ul>\n\n\n\n<p>Vi ser h\u00e4rifr\u00e5n och fram\u00e5t och f\u00f6rs\u00f6ker fokusera p\u00e5 det som g\u00e5r att p\u00e5verka.<\/p>\n\n\n\n<p>Olika myndigheter kan ocks\u00e5 hj\u00e4lpa till att f\u00f6rmedla kontakten, men inte remittera till eller best\u00e4mma att du ska f\u00e5 ett personligt ombud.<\/p>\n\n\n\n<h4 class=\"wp-block-heading\">Vem best\u00e4mmer om man f\u00e5r ett PO eller inte?<\/h4>\n\n\n\n<p>Vi g\u00f6r en bed\u00f6mning. PO \u00e4r en m\u00f6jlighet, men ingen r\u00e4ttighet.<\/p>\n\n\n\n<h4 class=\"wp-block-heading\" id=\"h-Annatsomarbraattkannatill\">Annat som \u00e4r bra att k\u00e4nna till<\/h4>\n\n\n\n<ul><li>Du ska ha fyllt 18 \u00e5r och vara skriven i n\u00e5gon av v\u00e5ra kommuner f\u00f6r att kunna f\u00e5 st\u00f6d av oss.<\/li><li>Vi f\u00f6r inga journaler och personligt ombud \u00e4r kostnadsfritt.<\/li><li>V\u00e5ra tj\u00e4nster \u00e4r en m\u00f6jlighet men ingen r\u00e4ttighet, vilket inneb\u00e4r att det personliga ombudet kan s\u00e4ga nej till vissa tj\u00e4nster\/uppdrag.<\/li><li>Verksamheten finansieras av statsbidrag samt kommunerna i samverkan.<\/li><\/ul>\n\n\n\n<h2 class=\"wp-block-heading\" id=\"h-Villdufakontaktmedpersonligtombud\">Vill du f\u00e5 kontakt med personligt ombud?<\/h2>\n\n\n\n<p>Du som vill f\u00e5 kontakt med personligt ombud kan kontakta oss sj\u00e4lv genom att ringa, skicka e-post eller skriva brev. Om du vill kan du ocks\u00e5 be n\u00e5gon annan att hj\u00e4lpa dig ta en f\u00f6rsta kontakt med oss. <\/p>\n\n\n\n<p><strong>Vad h\u00e4nder konkret n\u00e4r du tar en kontakt?<\/strong><\/p>\n\n\n\n<p>Beroende p\u00e5 hur du v\u00e4ljer att ta kontakt kan det skilja sig n\u00e5got, men vid f\u00f6rsta kontakten med ett Personligt Ombud skapas som regel ett kort underlag i form av exempelvis kontaktuppgifter, hur du vill bli kontaktad vidare etc. I vissa fall h\u00e4nder det att det redan vid f\u00f6rsta kontakten blir tydligt att ditt behov kan tillgodoses p\u00e5 annat s\u00e4tt, genom exempelvis r\u00e5dgivning eller h\u00e4nvisning vidare alternativt att Ombudet du pratar med redan i f\u00f6rsta kontakten kan bed\u00f6ma att du ej tillh\u00f6r v\u00e5r m\u00e5lgrupp. I annat fall bokas en tid in f\u00f6r ett s\u00e5 kallat Infosamtal (eller nybes\u00f6k), endera bokas detta redan vid f\u00f6rsta kontakten eller efter att verksamheten haft genomg\u00e5ng f\u00f6r att f\u00f6rdela nya kontakter, detta kommer du f\u00e5 reda p\u00e5.<\/p>\n\n\n\n<p>Vid Infosamtalet kommer du f\u00e5 mer information om verksamheten Personligt Ombud, du kommer f\u00e5 svara p\u00e5 vissa &#8220;kartl\u00e4ggande&#8221; fr\u00e5gest\u00e4llningar samt att du naturligtvis har m\u00f6jlighet att sj\u00e4lv st\u00e4lla fr\u00e5gor, syftet med Infosamtalet \u00e4r att du ska f\u00e5 information om verksamheten s\u00e5 det blir begripligt, att vi tillsammans kartl\u00e4gger din livssituation vilket skapar en grund f\u00f6r oss att kunna g\u00f6ra en &#8220;m\u00e5lgrupps bed\u00f6mning&#8221;, definiera eventuellt uppdrag samt titta p\u00e5 vilka m\u00e5l som \u00e4r aktuella f\u00f6r kontakten med Personligt Ombud. Efter Infosamtalet har vi f\u00f6rhoppningsvis ett tillr\u00e4ckligt underlag f\u00f6r att kunna g\u00f6ra en bed\u00f6mning och ett beslut kommer fattas om du erbjuds kontakt med Personligt Ombud eller ej.<\/p>\n\n\n\n<p>Du kommer inom en tid efter samtalet bli kontaktad med ett besked om v\u00e5r bed\u00f6mning och du f\u00e5r d\u00e5 s\u00e5klart g\u00f6ra ett eget val om du vill ha st\u00f6d av ett Personligt Ombud eller ej om vi erbjuder det. I vissa perioder har vi i v\u00e5r verksamhet ett ganska h\u00f6gt tryck och m\u00e5nga p\u00e5g\u00e5ende kontakter vilket kan inneb\u00e4ra att det finns en k\u00f6, vilket kommer inneb\u00e4ra att vi ej kan starta upp kontakten med kort varsel, denna information kommer du ocks\u00e5 f\u00e5. Personligt Ombud \u00e4r dock ingen akut hj\u00e4lp och upplever du att du beh\u00f6ver st\u00f6d mer skyndsamt s\u00e5 kan du l\u00e4sa p\u00e5 startsidan om detta, Personligt Ombud \u00e4r som n\u00e4mnts inte heller en r\u00e4ttighet utan en m\u00f6jlighet, l\u00e4s mer under &#8220;fr\u00e5gor och svar&#8221; I menyn h\u00f6gst upp om du har funderingar. \u00c4r du inte n\u00f6jd med det besked som ges s\u00e5 framf\u00f6r g\u00e4rna det s\u00e5 att du kan f\u00e5 en f\u00f6rklaring till verksamhetens bed\u00f6mning. Eftersom Personligt Ombud inte \u00e4r en myndighet eller en bist\u00e5ndsbed\u00f6md insats s\u00e5 \u00e4r det inte m\u00f6jligt att formellt \u00f6verklaga den bed\u00f6mning som verksamheten g\u00f6r men vi i verksamheten str\u00e4var alltid efter att vara s\u00e5 tydliga vi kan och vi f\u00f6rs\u00f6ker hj\u00e4lpa till p\u00e5 b\u00e4sta s\u00e4tt. <\/p>\n\n\n\n<p><\/p>\n\n\n\n<p><a href=\"http:\/\/povarmland.se\/wordpress\/kontakt\/\" target=\"_blank\" rel=\"noreferrer noopener\">Se kontaktuppgifter p\u00e5 sidan &#8220;H\u00e4r finns vi&#8221;<\/a><br \/><br \/><\/p>\n","protected":false},"excerpt":{"rendered":"<p>Mer om Personligt Ombud Personligt ombud \u00e4r ett st\u00f6d till hj\u00e4lp f\u00f6r dig som \u00e4r \u00f6ver 18 \u00e5r och har en psykisk&#46;&#46;&#46;<\/p>\n","protected":false},"author":20,"featured_media":0,"parent":0,"menu_order":1,"comment_status":"closed","ping_status":"closed","template":"","meta":[],"_links":{"self":[{"href":"https:\/\/povarmland.se\/wordpress\/wp-json\/wp\/v2\/pages\/2"}],"collection":[{"href":"https:\/\/povarmland.se\/wordpress\/wp-json\/wp\/v2\/pages"}],"about":[{"href":"https:\/\/povarmland.se\/wordpress\/wp-json\/wp\/v2\/types\/page"}],"author":[{"embeddable":true,"href":"https:\/\/povarmland.se\/wordpress\/wp-json\/wp\/v2\/users\/20"}],"replies":[{"embeddable":true,"href":"https:\/\/povarmland.se\/wordpress\/wp-json\/wp\/v2\/comments?post=2"}],"version-history":[{"count":20,"href":"https:\/\/povarmland.se\/wordpress\/wp-json\/wp\/v2\/pages\/2\/revisions"}],"predecessor-version":[{"id":6497,"href":"https:\/\/povarmland.se\/wordpress\/wp-json\/wp\/v2\/pages\/2\/revisions\/6497"}],"wp:attachment":[{"href":"https:\/\/povarmland.se\/wordpress\/wp-json\/wp\/v2\/media?parent=2"}],"curies":[{"name":"wp","href":"https:\/\/api.w.org\/{rel}","templated":true}]}}