{"id":682,"date":"2014-03-21T14:42:35","date_gmt":"2014-03-21T12:42:35","guid":{"rendered":"http:\/\/povarmland.se.preview.binero.se\/wordpress\/?page_id=682"},"modified":"2014-03-21T15:00:41","modified_gmt":"2014-03-21T13:00:41","slug":"deutsch","status":"publish","type":"page","link":"https:\/\/povarmland.se\/wordpress\/personligt-ombud-pa-andra-sprak-2\/deutsch\/","title":{"rendered":"Deutsch (Tyska)"},"content":{"rendered":"<p>Bekommen Sie die ben\u00f6tigte Unterst\u00fctzung durch die Gesellschaft?<\/p>\n<p>Ein pers\u00f6nlicher Betreuer unterst\u00fctzt Sie, wenn Sie unter lang andauernden psychischen Funktions-einschr\u00e4nkungen leiden, d.h. wenn Sie in Ihrem Alltag gro\u00dfe Schwierigkeiten erleben und von der Gesellschaft kombinierte Pflege, Unterst\u00fctzung und Service ben\u00f6tigen.<\/p>\n<p>Aufgabe eines pers\u00f6nlichen Betreuers ist es, Sie zu unterst\u00fctzen, den ben\u00f6tigten Einsatz durch die Gesellschaft zu erhalten. Vielleicht erhalten Sie eine solche Unterst\u00fctzung bereits, ben\u00f6tigen aber mehr \u2013 oder Sie sind nicht damit zufrieden mit diesem Einsatz. In einer solchen Situation k\u00f6nnen wir die Hilfe zu Ihrer Hilfe sein.<\/p>\n<p>Ihr pers\u00f6nlicher Betreuer hilft Ihnen, Ihre Bed\u00fcrfnisse an unterst\u00fctzenden Ma\u00dfnahmen durch die Gesellschaft zu kl\u00e4ren. Zusammen legen wir in einem Plan fest, wie wir vorgehen, damit Sie den ben\u00f6tigten Einsatz erhalten.<\/p>\n<p>Die Unterst\u00fctzung durch einen pers\u00f6nlichen Betreuer ist f\u00fcr Sie zeitlich begrenzt, und Sie haben auch keinen Rechtsanspruch darauf. Das bedeutet, dass wir einen Auftrag von Ihnen auch ablehnen k\u00f6nnen.<\/p>\n<p>Pers\u00f6nliche Betreuer sind unabh\u00e4ngig von den Beh\u00f6rden. Wir haben Schweigepflicht. Ihre Unterlagen werden Ihnen nach Beendigung unserer Kontakte zur\u00fcckgegeben oder vernichtet. Der Kontakt mit uns ist f\u00fcr Sie kostenlos.<\/p>\n","protected":false},"excerpt":{"rendered":"<p>Bekommen Sie die ben\u00f6tigte Unterst\u00fctzung durch die Gesellschaft? Ein pers\u00f6nlicher Betreuer unterst\u00fctzt Sie, wenn Sie unter lang andauernden psychischen Funktions-einschr\u00e4nkungen leiden, d.h.&#46;&#46;&#46;<\/p>\n","protected":false},"author":20,"featured_media":0,"parent":668,"menu_order":0,"comment_status":"closed","ping_status":"closed","template":"","meta":[],"_links":{"self":[{"href":"https:\/\/povarmland.se\/wordpress\/wp-json\/wp\/v2\/pages\/682"}],"collection":[{"href":"https:\/\/povarmland.se\/wordpress\/wp-json\/wp\/v2\/pages"}],"about":[{"href":"https:\/\/povarmland.se\/wordpress\/wp-json\/wp\/v2\/types\/page"}],"author":[{"embeddable":true,"href":"https:\/\/povarmland.se\/wordpress\/wp-json\/wp\/v2\/users\/20"}],"replies":[{"embeddable":true,"href":"https:\/\/povarmland.se\/wordpress\/wp-json\/wp\/v2\/comments?post=682"}],"version-history":[{"count":2,"href":"https:\/\/povarmland.se\/wordpress\/wp-json\/wp\/v2\/pages\/682\/revisions"}],"predecessor-version":[{"id":696,"href":"https:\/\/povarmland.se\/wordpress\/wp-json\/wp\/v2\/pages\/682\/revisions\/696"}],"up":[{"embeddable":true,"href":"https:\/\/povarmland.se\/wordpress\/wp-json\/wp\/v2\/pages\/668"}],"wp:attachment":[{"href":"https:\/\/povarmland.se\/wordpress\/wp-json\/wp\/v2\/media?parent=682"}],"curies":[{"name":"wp","href":"https:\/\/api.w.org\/{rel}","templated":true}]}}